{"id":71289,"date":"2023-12-20T20:40:57","date_gmt":"2023-12-20T20:40:57","guid":{"rendered":"https:\/\/og-wahlen.de\/elections-federales\/"},"modified":"2026-01-26T07:06:49","modified_gmt":"2026-01-26T07:06:49","slug":"elections-federales","status":"publish","type":"page","link":"https:\/\/og-wahlen.de\/fr\/elections-federales\/","title":{"rendered":"\u00c9lections f\u00e9d\u00e9rales"},"content":{"rendered":"","protected":false},"excerpt":{"rendered":"","protected":false},"author":2,"featured_media":0,"parent":0,"menu_order":0,"comment_status":"closed","ping_status":"closed","template":"page-templates\/tmpl-acf-constructor.php","meta":{"_acf_changed":false,"footnotes":""},"class_list":["post-71289","page","type-page","status-publish","hentry"],"acf":[],"_links":{"self":[{"href":"https:\/\/og-wahlen.de\/fr\/wp-json\/wp\/v2\/pages\/71289","targetHints":{"allow":["GET"]}}],"collection":[{"href":"https:\/\/og-wahlen.de\/fr\/wp-json\/wp\/v2\/pages"}],"about":[{"href":"https:\/\/og-wahlen.de\/fr\/wp-json\/wp\/v2\/types\/page"}],"author":[{"embeddable":true,"href":"https:\/\/og-wahlen.de\/fr\/wp-json\/wp\/v2\/users\/2"}],"replies":[{"embeddable":true,"href":"https:\/\/og-wahlen.de\/fr\/wp-json\/wp\/v2\/comments?post=71289"}],"version-history":[{"count":1,"href":"https:\/\/og-wahlen.de\/fr\/wp-json\/wp\/v2\/pages\/71289\/revisions"}],"predecessor-version":[{"id":71318,"href":"https:\/\/og-wahlen.de\/fr\/wp-json\/wp\/v2\/pages\/71289\/revisions\/71318"}],"wp:attachment":[{"href":"https:\/\/og-wahlen.de\/fr\/wp-json\/wp\/v2\/media?parent=71289"}],"curies":[{"name":"wp","href":"https:\/\/api.w.org\/{rel}","templated":true}]}}

Élections fédérales
