{"id":71236,"date":"2023-12-20T20:43:24","date_gmt":"2023-12-20T20:43:24","guid":{"rendered":"https:\/\/og-wahlen.de\/mentions-legales\/"},"modified":"2025-12-22T06:41:04","modified_gmt":"2025-12-22T06:41:04","slug":"mentions-legales","status":"publish","type":"page","link":"https:\/\/og-wahlen.de\/fr\/mentions-legales\/","title":{"rendered":"Mentions l\u00e9gales"},"content":{"rendered":"<h2>Responsabilit\u00e9 du projet<\/h2>\n<p>Fournisseur de services selon l&rsquo;art. \u00a7 5 TMG<br \/>\nStadt Offenburg<br \/>\nHistorisches Rathaus<br \/>\nHauptstra\u00dfe 90<br \/>\n77652 Offenburg<br \/>\nT\u00e9l\u00e9phone : 0781 82-0<br \/>\nT\u00e9l\u00e9copie : 0781 82-7515<br \/>\nE-mail : rathaus@offenburg.de<\/p>\n<p>La ville d&rsquo;Offenbourg est une collectivit\u00e9 de droit public. Elle est repr\u00e9sent\u00e9e par le maire Marco Steffens.<\/p>\n<h3>D\u00e9l\u00e9gu\u00e9 \u00e0 la protection des donn\u00e9es<\/h3>\n<p>0781 82-2767<br \/>\nCourrier \u00e9lectronique : datenschutz@offenburg.de<\/p>\n<h3>Demandes de presse<\/h3>\n<p>Courrier \u00e9lectronique : presse@offenburg.de<\/p>\n<h2>Responsable de la r\u00e9daction<\/h2>\n<p>Ville d&rsquo;Offenburg<br \/>\nUnit\u00e9 organisationnelle Marketing et communication<br \/>\nH\u00f4tel de ville historique<br \/>\nRue principale 90<br \/>\n77652 Offenburg<br \/>\nT\u00e9l\u00e9phone : 0781 82-0<br \/>\nT\u00e9l\u00e9copieur : 0781 82-7582<br \/>\nCourrier \u00e9lectronique : internet@offenburg.de<\/p>\n<p>Le site Internet de la ville d&rsquo;Offenburg s&rsquo;engage \u00e0 respecter le principe de l&rsquo;\u00e9galit\u00e9 de traitement, les objectifs de la Communaut\u00e9 europ\u00e9enne en mati\u00e8re de protection contre la discrimination et leur transposition l\u00e9gale dans la loi g\u00e9n\u00e9rale sur l&rsquo;\u00e9galit\u00e9 de traitement (AGG). Nous nous effor\u00e7ons donc de pr\u00e9venir ou d&rsquo;\u00e9liminer les discriminations fond\u00e9es sur la race ou l&rsquo;origine ethnique, le sexe, la religion ou les convictions, un handicap, l&rsquo;\u00e2ge ou l&rsquo;identit\u00e9 sexuelle.<\/p>\n","protected":false},"excerpt":{"rendered":"<p>Responsabilit\u00e9 du projet Fournisseur de services selon l&rsquo;art. \u00a7 5 TMG Stadt Offenburg Historisches Rathaus Hauptstra\u00dfe 90 77652 Offenburg T\u00e9l\u00e9phone : 0781 82-0 T\u00e9l\u00e9copie : 0781 82-7515 E-mail : rathaus@offenburg.de La ville d&rsquo;Offenbourg est une collectivit\u00e9 de droit public. Elle est repr\u00e9sent\u00e9e par le maire Marco Steffens. D\u00e9l\u00e9gu\u00e9 \u00e0 la protection des donn\u00e9es 0781 82-2767 [&hellip;]<\/p>\n","protected":false},"author":2,"featured_media":0,"parent":0,"menu_order":0,"comment_status":"closed","ping_status":"closed","template":"","meta":{"_acf_changed":false,"footnotes":""},"class_list":["post-71236","page","type-page","status-publish","hentry"],"acf":[],"_links":{"self":[{"href":"https:\/\/og-wahlen.de\/fr\/wp-json\/wp\/v2\/pages\/71236","targetHints":{"allow":["GET"]}}],"collection":[{"href":"https:\/\/og-wahlen.de\/fr\/wp-json\/wp\/v2\/pages"}],"about":[{"href":"https:\/\/og-wahlen.de\/fr\/wp-json\/wp\/v2\/types\/page"}],"author":[{"embeddable":true,"href":"https:\/\/og-wahlen.de\/fr\/wp-json\/wp\/v2\/users\/2"}],"replies":[{"embeddable":true,"href":"https:\/\/og-wahlen.de\/fr\/wp-json\/wp\/v2\/comments?post=71236"}],"version-history":[{"count":1,"href":"https:\/\/og-wahlen.de\/fr\/wp-json\/wp\/v2\/pages\/71236\/revisions"}],"predecessor-version":[{"id":71237,"href":"https:\/\/og-wahlen.de\/fr\/wp-json\/wp\/v2\/pages\/71236\/revisions\/71237"}],"wp:attachment":[{"href":"https:\/\/og-wahlen.de\/fr\/wp-json\/wp\/v2\/media?parent=71236"}],"curies":[{"name":"wp","href":"https:\/\/api.w.org\/{rel}","templated":true}]}}

Mentions légales

<h2>Responsabilité du projet</h2>
<p>Fournisseur de services selon l&rsquo;art. § 5 TMG<br />
Stadt Offenburg<br />
Historisches Rathaus<br />
Hauptstraße 90<br />
77652 Offenburg<br />
Téléphone : 0781 82-0<br />
Télécopie : 0781 82-7515<br />
E-mail : rathaus@offenburg.de</p>
<p>La ville d&rsquo;Offenbourg est une collectivité de droit public. Elle est représentée par le maire Marco Steffens.</p>
<h3>Délégué à la protection des données</h3>
<p>0781 82-2767<br />
Courrier électronique : datenschutz@offenburg.de</p>
<h3>Demandes de presse</h3>
<p>Courrier électronique : presse@offenburg.de</p>
<h2>Responsable de la rédaction</h2>
<p>Ville d&rsquo;Offenburg<br />
Unité organisationnelle Marketing et communication<br />
Hôtel de ville historique<br />
Rue principale 90<br />
77652 Offenburg<br />
Téléphone : 0781 82-0<br />
Télécopieur : 0781 82-7582<br />
Courrier électronique : internet@offenburg.de</p>
<p>Le site Internet de la ville d&rsquo;Offenburg s&rsquo;engage à respecter le principe de l&rsquo;égalité de traitement, les objectifs de la Communauté européenne en matière de protection contre la discrimination et leur transposition légale dans la loi générale sur l&rsquo;égalité de traitement (AGG). Nous nous efforçons donc de prévenir ou d&rsquo;éliminer les discriminations fondées sur la race ou l&rsquo;origine ethnique, le sexe, la religion ou les convictions, un handicap, l&rsquo;âge ou l&rsquo;identité sexuelle.</p>

<p>Responsabilité du projet Fournisseur de services selon l&rsquo;art. § 5 TMG Stadt Offenburg Historisches Rathaus Hauptstraße 90 77652 Offenburg Téléphone : 0781 82-0 Télécopie : 0781 82-7515 E-mail : rathaus@offenburg.de La ville d&rsquo;Offenbourg est une collectivité de droit public. Elle est représentée par le maire Marco Steffens. Délégué à la protection des données 0781 82-2767 [&hellip;]</p>
